 q(u) = -2. Let p(o) = -2*a(o) - 11*q(o). What is p(d)?
6
Let g(k) be the second derivative of -1/2*k**2 - 2/3*k**3 - 58*k + 0 + 1/6*k**4. Suppose 5*z - 3*t = -7*t + 27, -5*z = -4*t - 3. Give g(z).
5
Let y(j) = -j**3 + 3*j**2 + j + 2. Let l be (-3)/1*((-6)/(-4))/((-378)/252). What is y(l)?
5
Let a(q) be the first derivative of -q**3/3 + 2*q**2 + 29*q + 1372. What is a(7)?
8
Suppose -14 = 6*n + n. Let f(l) = -5*l**2 - 22*l - 3. Let k(m) = -2*m**2 - 7*m. Let o(a) = -f(a) + 3*k(a). Calculate o(n).
-3
Let t(a) = -a**2 - 34*a - 192. Let m = -6640 + 6613. Give t(m).
-3
Let f(y) = -2*y**2 + 4*y - 1. Suppose 0 = 5*a + 10. Let m be (3/5)/(a - 99/(-45)). Calculate f(m).
-7
Let y = -74 - -84. Let l(u) = u**3 - 11*u**2 + 11*u - 8. Let g be l(y). Let s be (-6)/g - -2 - -2. Let t(i) = -6*i**3 - i**2 + i - 1. Calculate t(s).
-7
Let l = -32 + 34. Let m(k) = -k**3 + k**2 + 4*k - 3. Let b be m(l). Let f(u) = -u + 5*u - 7*u + b. Give f(-2).
7
Let k(s) be the third derivative of -3*s**4/8 - 11*s**3/3 + 3*s**2 - 964*s. Determine k(-2).
-4
Let u(w) = w - 2*w + 3 - 2. Let r(i) = 8*i + 3 - 11*i + 4*i - 4*i. Let p(v) = 2*r(v) - 5*u(v). Determine p(6).
-5
Let d = -172 + 180. Let y(a) = -12*a**2 - 8*a. Let l(s) be the third derivative of 2*s**5/15 + 5*s**4/24 - 2*s**2. Let r(f) = d*l(f) + 5*y(f). Determine r(2).
16
Let m(g) be the first derivative of g**2 + 2*g + 2485. Let h be -6 + (-2 - -6) - 2. Give m(h).
-6
Let x(l) = l**3 - 8*l**2 + 12*l - 83. Let d(u) = 8*u**3 + u**2 - 4*u + 3. Let j be d(1). Calculate x(j).
13
Let y(t) = -t - 3. Suppose -3*j = -5*k - 28, -k = 4*j + 2*k + 11. Suppose -n - 1 = 0, 6*z = 9*z + n + j. Suppose 5*p - 9 - 16 = z. What is y(p)?
-8
Let d(i) = -11*i**3 + 1. Suppose -18*u + 13*u + 10 = 0. Suppose -u + 15 = n + 5*p, -n = -5*p + 7. Suppose -n = -8*m + 5. Give d(m).
-10
Let z(a) = a**2 + a + 19. Let p(h) = -h**3 - 8*h**2 - 3*h + 32. Let j be p(-7). Suppose -j = -4*g - 2*r, -5*r + 6 = 4*g - 4. Give z(g).
19
Let j(a) = -2*a + 1. Let r(i) = -28*i - 540. Let h be r(-19). Give j(h).
17
Suppose -103 = -56*m + 55*m. Let w(a) = -209 + m - 2*a + 104. Calculate w(-2).
2
Let q(z) = 4*z + 4. Let h(r) = -46*r - 25. Let x be h(5). Let s = x + 261. Give q(s).
28
Let g(d) = d**2 - 10*d - 10. Let m = 51 + -40. Let s be g(m). Let b(p) = -s - 43*p + 75*p - 37*p + 0. What is b(-1)?
4
Let s(t) = 93*t + 22. Let h(q) = -23*q - 5. Let g(o) = 22*o + 53. Let c be g(-2). Let v(y) = c*h(y) + 2*s(y). Give v(-2).
41
Let x(c) = c**3 + 7*c - 6. Let n(r) = r**2 + r. Let s(t) = -6*n(t) + x(t). Suppose 4*u - 11 - 1 = -4*j, -5*j + 15 = u. Let m be -1*(-2)/8*u + 6. Determine s(m).
0
Let a(k) = 9*k**2 + k - 4. Let m(s) = -17*s**2 - 14*s + 23. Let u(f) = -2*a(f) - m(f). Determine u(8).
17
Suppose 9*l - 7 - 20 = 0. Suppose l*w - 4*x = -19, 2*x = 3*w + 2*w + 27. Let r(k) = -2*k - 5. What is r(w)?
5
Let b be (-14 + 6)/(-5 - -3). Let o(r) = 3 - 5*r**3 - 2*r - 4*r + 0*r**3 + b*r**3 + 5*r**2 - 1. Calculate o(4).
-6
Let m(b) = -83*b - 13. Let f be m(-2). Let o = 158 - f. Let g(a) = -7*a + 5. What is g(o)?
-30
Let q(u) = -u**2 - u + 1. Let i(p) = -p**2 + 4*p + 10. Let a(h) = -i(h) + 2*q(h). Let o(f) = -2*f**2 + 45*f + 336. Let t be o(-6). Determine a(t).
-8
Let k be (-3206)/399 + (-58)/(-1653). Let j(g) = g + 27. Calculate j(k).
19
Let u(v) be the second derivative of -v**5/20 - 5*v**4/12 + 2*v**3/3 + 3*v**2 + 87*v. Let g = -79 - -74. What is u(g)?
-14
Let z(v) = -4*v**3 - 9*v**2 + 7*v + 18. Let p(d) = 5*d**3 + 9*d**2 - 6*d - 17. Let i(x) = 3*p(x) + 4*z(x). What is i(-10)?
21
Let w(v) = 5*v - 6. Let h be (-94)/(-18) - (76/18 + -4). Suppose 280 = -h*g + 15. Let l = 57 + g. Give w(l).
14
Let y(x) = x + 2. Let d be ((-9)/(-12))/((-4)/(-48)) - 3. Suppose -28*r = -27*r - b + 2, -b + d = r. Determine y(r).
4
Let n(s) = s - 4. Let t(r) = -r**2 - 23*r - 3. Let y be t(-3). Suppose -12*x - y + 81 = 0. What is n(x)?
-2
Let b = -7 - 5. Let l = b + 17. Suppose 5*x + 13 = -a, -l*x + 0*x - 25 = 5*a. Let c(o) = -3*o + 3. Determine c(a).
12
Let f(n) = n**3 + 3*n**2 - 7*n - 12. Let d be f(-3). Let q(t) = 15*t + 11 - 2*t - d - 12*t. Determine q(2).
4
Let d(z) = -224*z + 16. Let v(w) = 374*w - 32. Let b(t) = 5*d(t) + 3*v(t). Suppose -4*k = -k - 27. Determine b(k).
2
Let u(r) be the first derivative of -7*r + 1/3*r**3 - 2*r**2 + 4. Let v be u(5). Let j(c) = 2*c + 1. Calculate j(v).
-3
Let m = -9 - -19. Suppose -2*g - 5*i = 32, -i - 18 = 4*g + m. Let u(s) = -s**2 - 2*s + 0 - 6 + 3*s**2 + 2*s**2 - 5*s - 5*s**2. Calculate u(g).
0
Let g be 5/10*(-1 - -19). Let n = 14 - 11. Let w(t) = -g*t**2 - t + 1 - 10 + 2*t**n + 2*t**3 - 5*t**3. What is w(-9)?
0
Let b = 1551 - 1555. Let g(m) = -20*m - 83. Give g(b).
-3
Let l(z) = z**3 + 9*z**2 + 15*z + 56. Let k be l(-8). Let u(p) = -p**2 + 3*p + 3. Determine u(k).
3
Let i(a) = a**3 - 22*a**2 - 21*a + 17. Let d be i(23). Let n = -58 + d. Let g(r) be the second derivative of r**3/3 - 3*r**2/2 + r. Determine g(n).
7
Let k(t) = 3*t**2 + 17*t + 35. Let a(m) = 2*m**2 + 11*m + 23. Let c(h) = 8*a(h) - 5*k(h). Let r be 2/(-15) - 1339/195*1. Calculate c(r).
37
Let p(u) = -386*u + 354*u - 13 + 2*u**2 - u**2 - 3*u**2. Give p(-16).
-13
Suppose -2*n = 6 + 8. Let t(c) be the second derivative of -7/2*c**2 + 63*c + 0 + 1/6*c**3. What is t(n)?
-14
Let s(g) = 23*g**3 + 5*g**2 - 2*g - 4. Let t(m) = 7 - 8*m**2 + 2*m + 920*m**3 - 967*m**3 + 2*m. Let x(i) = 5*s(i) + 3*t(i). Determine x(-1).
26
Let y = 5258 - 5250. Let u(t) = -7*t + 59. Calculate u(y).
3
Suppose -106*d + 14*d + 291 = 5*d. Let i(s) = 7*s**3 + 2*s**2 + s + 4. Let m(l) = -6*l**3 - l**2 - l - 4. Let v(w) = -5*i(w) - 6*m(w). Give v(d).
-2
Let t(l) be the first derivative of -l**3/3 - 9*l**2/2 + 9*l + 1796. What is t(-8)?
17
Let a be (-8)/(-6)*((-30)/(-8) + -3). Let u(c) = c**2 - 5. Let t(w) = w**2 + w - 2. Let y(v) = a*u(v) - 2*t(v). Give y(-3).
-4
Let w(g) = g - 12. Let j be w(14). Suppose 4*t - 4*z + 32 = 0, 0*z = -j*t - 2*z. Let f(x) be the second derivative of x**3/3 - 5*x. Calculate f(t).
-8
Let w(g) = 2 - 6*g - 5 + 3*g + 2. Let c(u) = -4*u + 13. Let l(p) = c(p) - w(p). Calculate l(7).
7
Let m(o) = -o**3 + 33*o + 66. Let w be m(-2). Let x(d) = 67*d - 535. Give x(w).
1
Let m(q) = -5*q**2 - 2*q + 1. Let z be 105/((-1)/((-4)/6)) + -5. Suppose -3*u = -82 - 110. Let t = z - u. Give m(t).
-6
Let p(t) = 173*t**2 + 101*t + 340. Let y(l) = -15*l**2 - 9*l - 31. Let j(w) = -2*p(w) - 23*y(w). Calculate j(10).
-17
Suppose -5*n = 6 - 16. Let u be 67/3*n*(-12)/8. Let k = -73 - u. Let h(g) = g**2 + 8*g + 9. Give h(k).
-3
Suppose 76 = 2338*g - 2326*g + 4. Let i(v) = v**3 - 3*v**2 - 6*v. Give i(g).
72
Let u(t) be the first derivative of -t**4/4 + 8*t**3 + 23*t**2/2 + 36*t - 2256. What is u(25)?
-14
Suppose 0 = -d - 0*d - 7. Let j(g) be the first derivative of -8/3*g**3 - 7/2*g**2 + 20 - 1/4*g**4 + 6*g. Give j(d).
6
Suppose -48 = 5*v - 4*g, -5578*v + 5*g = -5583*v + 15. Let f(w) = w**3 + 2*w**2 - 6*w + 2. Give f(v).
-6
Let m(x) = x**2 + 14*x + 43. Let k be ((-858)/99)/((-2)/(-3)). Give m(k).
30
Let a(j) = -3*j**2 + 7*j + 2. Let o be -3 + (7 + 2 - 5). Let g(m) = 2*m**2 - m. Let r(h) = o*g(h) + a(h). Determine r(7).
-5
Let b(t) = 5*t**2 + 5*t**2 - 12*t**3 + 34*t**3 - 11*t - 21*t**3 - 3 - t**2. Calculate b(-9).
96
Let s(w) = w + 2. Let x(g) = g + 1. Let q(j) = 6*s(j) - 11*x(j). Let z be 9/((-27)/12) + 0 + 9. Let a(f) = -f**3 + 6*f**2 - 5*f - 1. Let n be a(z). Give q(n).
6
Let u = -138 - -192. Suppose -u*t - 10 = -56*t. Let i(d) = d**2 - 2*d + 6. Give i(t).
21
Let g(f) be the first derivative of -7*f**6/40 - f**4/12 - f**3/6 + 7*f**2/2 + 38. Let z(o) be the second derivative of g(o). Determine z(-1).
22
Let w(j) be the third derivative of 0*j + 3*j**2 - 1/6*j**3 - 7/24*j**4 + 18. Let m(f) = -f**3 + 4*f**2 - 3*f + 1. Let s be m(3). What is w(s)?
-8
Let a(r) = -2*r - 15. Let v = -2041 - -2037. Let j be 7 + -1*(1 - 2). Let x be (-4 - 31/v)*j/(-3). Calculate a(x).
5
Let u be ((-16)/6)/(3 - (-50)/(-15)). Suppose -3*i = -0*i - 3*n - 33, i - u = 4*n. Let t(h) = 11 - h**2 + 19*h**3 - 8*h**3 + 2*h - i*h**3 - h. Calculate t(0).
11
Let r(u) = u - 2. Let n = 394 - 89. Let j = n + -303. Give r(j).
0
Let n(l) = 7*l**3 + 2*l**2 - l + 1. Let p be -6 + (-11)/((-165)/60). What is n(p)?
-45
Let r(y) = y**2 + 16*y + 68. Let u = 4674 - 4683. Determine r(u).
5
Let b(v) = -